f 95 and n.
19
Suppose 2*t - 368 = -3*k - k, -5*t + 110 = k. Let s = 36 + -32. Suppose -s*c = -6*c + k. What is the highest common divisor of 30 and c?
15
Let q(s) = s**3 + 4. Let v be q(0). Let o be -1 - -1 - (-144)/v. Calculate the greatest common divisor of 4 and o.
4
Let p be (-4)/((-4)/(-3)) + 1. Let x(w) = 5 - 2 - 2 + 0 - 8*w. Let i be x(p). What is the highest common factor of 119 and i?
17
Suppose k - 4*l = 14, -k = 5*l - 25 - 7. Calculate the greatest common divisor of k and 2.
2
Suppose -75 = 3*a + 2*a. Let t be (18/a)/(2/(-15)). What is the greatest common factor of 18 and t?
9
Suppose -3*z = -0*z. Suppose -i + 9 + 16 = z. Suppose 0 = -3*k + 3*x + 27, 5*k - 2*k + 2*x = 7. What is the greatest common factor of i and k?
5
Let w = -25 + 44. What is the greatest common divisor of w and 171?
19
Let h = 30 + -10. What is the greatest common factor of h and 5?
5
Suppose p + 2*r = 2*p - 22, -p + 4 = 4*r. Calculate the highest common factor of 16 and p.
16
Let c = -124 + 306. What is the greatest common factor of 26 and c?
26
Suppose -d + n + 66 = -9, -2*n - 10 = 0. What is the greatest common factor of d and 28?
14
Let d = 8 + -5. Suppose 0 = 5*i + 10 - 5. Let j be 30/24*(d - i). Calculate the highest common divisor of j and 20.
5
Suppose -2*b + b = -4*m + 5, 0 = 3*m - b - 3. What is the greatest common factor of 3 and m?
1
Let a(q) = 15*q + 8*q - 18 - 11*q**2 + 0 + 10*q**2. Let o be a(13). Suppose k - 10 = -l + 11, 4*k = -5*l + 89. What is the highest common divisor of k and o?
16
Let o = 24 - 23. What is the highest common factor of o and 1?
1
Let v be (-3905)/(-77) + 2/7. Let k be 99/3 + -1 - -2. What is the highest common factor of v and k?
17
Let b(k) = k**3 + 4*k**2 - k - 2. Let j be b(-3). Suppose 3*s = 2 + j. Suppose -t - 15 = -s*h - 0*t, -2*h = 2*t. Calculate the highest common factor of 9 and h.
3
Let i = -7 - -21. Let u = -81 + 193. Calculate the greatest common divisor of i and u.
14
Suppose -q - 2*y + 11 = 0, -5*q + 28 = 3*y - 6. Suppose q*w + 0*w = 0. Suppose w = -5*n + 33 + 7. Calculate the greatest common divisor of n and 12.
4
Suppose -3*n = -2*x + 31, 31 = -5*x - 4*n + 120. Calculate the highest common divisor of x and 153.
17
Suppose -4*f + r - 15 = -6*f, 3*r = -4*f + 35. What is the highest common factor of 5 and f?
5
Let r(d) = d**2 + 5*d + 4. Let w be r(-7). Calculate the highest common factor of w and 198.
18
Suppose -3*k - 210 = -8*k. What is the highest common divisor of k and 42?
42
Suppose 7*t - 2*t - 275 = 0. Let g be 2/10 - 654/(-30). What is the greatest common divisor of g and t?
11
Suppose -q = -5 + 1. Calculate the greatest common divisor of 8 and q.
4
Let t be ((-9)/(-4))/(6/(-16)). Let a = t - -6. Suppose -6*s - 28 = -4*k - 2*s, 2*s + 4 = a. Calculate the greatest common divisor of 2 and k.
1
Let a(l) = l**3 + 8*l**2 + 4. Let j be a(-8). Suppose -j*v - 12 + 116 = 0. Calculate the greatest common factor of 39 and v.
13
Let a be ((-252)/70)/((-4)/130). What is the highest common divisor of 13 and a?
13
Suppose -2*v + 8 = -8. Calculate the greatest common factor of 32 and v.
8
Let p = 30 + -26. Calculate the highest common divisor of p and 4.
4
Suppose 2*u = -7 + 31. Let z be 57/21 - u/(-42). Calculate the highest common factor of 9 and z.
3
Suppose -3*r + 594 = 5*a, -3*r = -2*a + 96 - 690. What is the greatest common factor of 18 and r?
18
Let d = 7 + -4. Let h be d/(-1 - (-21)/24). Let p = h - -41. What is the greatest common divisor of p and 51?
17
Let v(t) = t**3 + 12*t**2 + 12*t + 11. Let a be v(-11). Suppose a = -5*i - 0*n + 2*n + 68, 9 = i - 5*n. What is the highest common factor of i and 28?
14
Let f = 67 + -46. Let l(q) = q**2 - 11*q + 14. Let b be l(11). What is the greatest common factor of b and f?
7
Suppose -5 + 171 = v. Let n = -82 + v. What is the highest common factor of n and 12?
12
Let i be (-1 + 0)*(-5)/1. Suppose i = 8*u - 3*u. Let m be (66 + -2 - 2) + u. What is the highest common divisor of m and 9?
9
Let j(k) = -8*k**2 - 4*k - 1. Let q(t) = t**2. Let w(x) = -j(x) - 5*q(x). Let i be w(3). Calculate the greatest common divisor of 8 and i.
8
Suppose -2*p + 450 - 120 = 0. What is the greatest common divisor of p and 15?
15
Suppose 3*y - 7 = 2. Let r(v) = 16*v. Let g be r(y). Let l = -40 - -72. Calculate the highest common factor of g and l.
16
Let k be 5/((-5)/6*-3). Suppose -k*q = -2*d + 102, -2*d + 255 = 3*d - 4*q. What is the greatest common divisor of 17 and d?
17
Let n be -10*-6*3/12. Calculate the highest common divisor of n and 3.
3
Let w = 10 + 2. Let j be (16 - (1 + 0)) + 15 + -12. What is the highest common factor of j and w?
6
Let j be (-2)/(-3) + 40/12. Suppose -17 = -j*k - 1. Suppose -4*f + 8 = -2*f - h, -f + h = -6. Calculate the highest common factor of f and k.
2
Let h be (-2)/(-1) - (-24 + 4). Let z(o) = -13*o + 3. Let t be z(4). Let i = -27 - t. What is the greatest common factor of h and i?
22
Let u = 11 + 19. Calculate the highest common factor of 45 and u.
15
Let n = -36 + 53. Calculate the highest common factor of 187 and n.
17
Let w = 31 - 21. Calculate the greatest common divisor of w and 80.
10
Suppose 0 = 4*u - 3*d - 268, u + 4*d - 44 = 4. Let o be 0/(-3 - 0 - -2). Suppose o = -2*w + 6*w - u. Calculate the greatest common factor of w and 40.
8
Let x(t) = t**3 + 7*t**2 - 5*t - 23. Let b be x(-5). Calculate the greatest common divisor of 78 and b.
26
Let l = 9 + -4. Suppose c - l = 2*c. Let f be 238/5 + (-2)/c. What is the greatest common factor of 32 and f?
16
Let a(g) = -g + 1. Let k be a(-6). What is the greatest common divisor of 1 and k?
1
Let w(c) = 7*c**2 + c. Suppose 5*p - 3*o - 2 = 0, 1 - 7 = -p + 2*o. Let u = 0 + p. Let m be w(u). Calculate the highest common factor of m and 39.
13
Let s(i) = -i**2 - i + 14. Let r be s(0). Let u be (3 - 1) + (49 - 9). Calculate the greatest common divisor of r and u.
14
Suppose -4*r = -230 - 210. Calculate the greatest common factor of r and 10.
10
Suppose -4*d = 3*m - 8*m - 590, 2*m = 3*d - 439. Suppose -3*q = -d - 44. Calculate the highest common factor of 42 and q.
21
Let o be -2 + 1 + (2 - -11). Let c = -84 - -192. Calculate the highest common divisor of c and o.
12
Let c(y) = -11*y - 38. Let d be c(-6). What is the greatest common factor of 308 and d?
28
Let b = 176 + -99. What is the highest common factor of 11 and b?
11
Let x = -10 - -1. Let t(k) = -k - 6. Let w be t(x). Let m be (-190)/(-8) - 2/(-8). Calculate the greatest common divisor of w and m.
3
Suppose -2*o + o = -154. Calculate the greatest common factor of 14 and o.
14
Let o = 112 - -32. Let j be 7*(o/14)/(-4). Let z be (-30)/j*(-1 + 10). What is the highest common divisor of 6 and z?
3
Suppose -v = k - 7, -5*k - 2*v + 23 = -v. Let p be (-42)/(-4) - 6/k. Calculate the highest common divisor of p and 18.
9
Let p = 23 + -38. Let q be (24/p)/((-2)/25). Calculate the highest common divisor of q and 10.
10
Suppose -3*v - 19 = -4. Let m(b) = -8*b. Let x be m(v). What is the highest common divisor of x and 60?
20
Suppose -1 = -2*d + 185. Calculate the highest common divisor of 31 and d.
31
Suppose 4*p - 28 = -2*k + p, -5*k + 2*p = -70. Calculate the greatest common divisor of k and 98.
14
Suppose 2*n = -0*n + 20. Suppose 2*u - 126 = 2*q + 32, u = 5*q + 75. What is the greatest common factor of n and u?
10
Let l be (-636)/(-8) - 12/8. Suppose -t + l = 2*t. Calculate the highest common divisor of 39 and t.
13
Let y be (48/(-9))/((-4)/6). Suppose -y = -k - k. Suppose -4*a = -5*m + 105, -a - 93 = -k*m + 4*a. What is the highest common factor of 187 and m?
17
Let j(d) = d - 1. Let a be j(-1). Let b = 5 + a. Let y be 18*((-9)/(-6))/b. What is the highest common divisor of y and 27?
9
Suppose 6*b - 3*b = 2730. Suppose b = x + 4*x. Let f = 263 - x. Calculate the highest common divisor of f and 27.
27
Let t(o) = 25*o**2 - 1. Let j be t(1). Calculate the greatest common divisor of j and 3.
3
Suppose -5*h + 14 = -4*h. What is the highest common divisor of h and 126?
14
Let u = -31 - -31. Let b(w) = 1. Let d(t) = t**2 - 5. Let g(m) = -3*b(m) - d(m). Let f be g(u). What is the highest common divisor of 2 and f?
2
Let q(v) = -232*v. Let r be q(-1). Suppose 5*o - 98 - r = 0. What is the greatest common divisor of 6 and o?
6
Let x(q) = -q**2 - 16*q - 35. Let c be x(-11). Sup